{"id":181,"date":"2019-02-15T10:03:31","date_gmt":"2019-02-15T09:03:31","guid":{"rendered":"http:\/\/www.sportcompeticion.com\/?page_id=181"},"modified":"2019-04-10T09:02:53","modified_gmt":"2019-04-10T08:02:53","slug":"sportcompeticion","status":"publish","type":"page","link":"https:\/\/www.sportcompeticion.com\/index.php\/sportcompeticion\/","title":{"rendered":"EMPRESA"},"content":{"rendered":"\n<h1><strong>EMPRESA<\/strong><\/h1>\n\n\n\n<p>Sport Competici\u00f3n Performance es una empresa dedicada al Motorsport, \nDistribuci\u00f3n e importaci\u00f3n de piezas Racing y asesoramiento t\u00e9cnico.<\/p>\n\n\n\n<p>Nuestra experiencia en el mundo de la preparaci\u00f3n y la competici\u00f3n \nnos permite ofrecerle un asesoramiento t\u00e9cnico sobre los productos que \nrepresentamos.<\/p>\n\n\n\n<p>Adem\u00e1s de la preparaci\u00f3n de los veh\u00edculos de competici\u00f3n, \nimplementamos mejoras en los veh\u00edculos de serie al nivel exigido por el \ncliente. En Sport Competici\u00f3n Performance trabajamos con grandes marcas \nde Motorsport y somos distribuidores oficiales para Espa\u00f1a de HKS, \nCosworth, Exedy, Endless, Custom Cages, PIAA, Quaife, Hardrace, OBP \nMotorsport, Powerflex, Tein, Goodridge, SFS Performance, Defi, Forge \nMotorsport, OWEN Developments, Albins, Drexler, Colombo and bariani, \nCusco, Gems y Kaaz.<\/p>\n\n\n\n<p> Sport  Competici\u00f3n cuenta con servicio propio de alquiler de veh\u00edculos de  competici\u00f3n adaptados espec\u00edficamente para rallyes de tierra y asfalto.   <\/p>\n\n\n\n<p> Tambi\u00e9n le ofrecemos opcionalmente asistencia t\u00e9cnica. Otras opciones  disponibles son cami\u00f3n de asistencia, carpa y catering con zona VIP para  sus invitados. <\/p>\n\n\n\n<p>Nuestra\n experiencia en el mundo de la preparaci\u00f3n y la competici\u00f3n nos permite \nofrecerle un asesoramiento t\u00e9cnico sobre los productos que \nrepresentamos.<\/p>\n\n\n\n<p><\/p>\n\n\n\n<div class=\"wp-block-image\"><figure class=\"aligncenter\"><img loading=\"lazy\" width=\"400\" height=\"84\" src=\"http:\/\/www.sportcompeticion.com\/wp-content\/uploads\/2019\/02\/02-2.png\" alt=\"Sport Competicion Performance\" class=\"wp-image-86\" srcset=\"https:\/\/www.sportcompeticion.com\/wp-content\/uploads\/2019\/02\/02-2.png 400w, https:\/\/www.sportcompeticion.com\/wp-content\/uploads\/2019\/02\/02-2-300x63.png 300w\" sizes=\"(max-width: 400px) 100vw, 400px\" \/><figcaption>Sport Competicion Performance<\/figcaption><\/figure><\/div>\n","protected":false},"excerpt":{"rendered":"<p>EMPRESA Sport Competici\u00f3n Performance es una empresa dedicada al Motorsport, Distribuci\u00f3n e importaci\u00f3n de piezas Racing y asesoramiento t\u00e9cnico. Nuestra experiencia en el mundo de la preparaci\u00f3n y la competici\u00f3n nos permite ofrecerle un asesoramiento t\u00e9cnico sobre los productos que representamos. Adem\u00e1s de la preparaci\u00f3n de los veh\u00edculos de competici\u00f3n, [&hellip;]<\/p>\n","protected":false},"author":1,"featured_media":70,"parent":0,"menu_order":0,"comment_status":"closed","ping_status":"closed","template":"page-templates\/template-fullwidth.php","meta":[],"_links":{"self":[{"href":"https:\/\/www.sportcompeticion.com\/index.php\/wp-json\/wp\/v2\/pages\/181"}],"collection":[{"href":"https:\/\/www.sportcompeticion.com\/index.php\/wp-json\/wp\/v2\/pages"}],"about":[{"href":"https:\/\/www.sportcompeticion.com\/index.php\/wp-json\/wp\/v2\/types\/page"}],"author":[{"embeddable":true,"href":"https:\/\/www.sportcompeticion.com\/index.php\/wp-json\/wp\/v2\/users\/1"}],"replies":[{"embeddable":true,"href":"https:\/\/www.sportcompeticion.com\/index.php\/wp-json\/wp\/v2\/comments?post=181"}],"version-history":[{"count":5,"href":"https:\/\/www.sportcompeticion.com\/index.php\/wp-json\/wp\/v2\/pages\/181\/revisions"}],"predecessor-version":[{"id":401,"href":"https:\/\/www.sportcompeticion.com\/index.php\/wp-json\/wp\/v2\/pages\/181\/revisions\/401"}],"wp:featuredmedia":[{"embeddable":true,"href":"https:\/\/www.sportcompeticion.com\/index.php\/wp-json\/wp\/v2\/media\/70"}],"wp:attachment":[{"href":"https:\/\/www.sportcompeticion.com\/index.php\/wp-json\/wp\/v2\/media?parent=181"}],"curies":[{"name":"wp","href":"https:\/\/api.w.org\/{rel}","templated":true}]}}