{"id":34,"date":"2019-02-04T16:52:50","date_gmt":"2019-02-04T16:52:50","guid":{"rendered":"http:\/\/www.sportcompeticion.com\/?page_id=34"},"modified":"2019-02-15T10:09:11","modified_gmt":"2019-02-15T09:09:11","slug":"inicio","status":"publish","type":"page","link":"https:\/\/www.sportcompeticion.com\/","title":{"rendered":"SportCompetici\u00f3n"},"content":{"rendered":"<p>Sport Competici\u00f3n Performance es una empresa dedicada al Motorsport, Distribuci\u00f3n e importaci\u00f3n de piezas Racing y asesoramiento t\u00e9cnico.<\/p>\n<p>Nuestra experiencia en el mundo de la preparaci\u00f3n y la competici\u00f3n nos permite ofrecerle un asesoramiento t\u00e9cnico sobre los productos que representamos.<\/p>\n<p>Adem\u00e1s de la preparaci\u00f3n de los veh\u00edculos de competici\u00f3n, implementamos mejoras en los veh\u00edculos de serie al nivel exigido por el cliente. En Sport Competici\u00f3n Performance trabajamos con grandes marcas de Motorsport y somos distribuidores oficiales para Espa\u00f1a de HKS, Cosworth, Exedy, Endless, Custom Cages, PIAA, Quaife, Hardrace, OBP Motorsport, Powerflex, Tein, Goodridge, SFS Performance, Defi, Forge Motorsport, OWEN Developments, Albins, Drexler, Colombo and bariani, Cusco, Gems y Kaaz.<\/p>\n<p>Sport Competici\u00f3n cuenta con servicio propio de alquiler de veh\u00edculos de competici\u00f3n adaptados espec\u00edficamente para rallyes de tierra y asfalto.<\/p>\n<p>Tambi\u00e9n le ofrecemos asistencia t\u00e9cnica, cami\u00f3n de asistencia, carpa y catering con zona VIP para sus invitados.<\/p>\n<p style=\"text-align: center;\"><span style=\"color: #333333;\">\u00a0<\/span><\/p>\n","protected":false},"excerpt":{"rendered":"<p>Sport Competici\u00f3n Performance es una empresa dedicada al Motorsport, Distribuci\u00f3n e importaci\u00f3n de piezas Racing y asesoramiento t\u00e9cnico. Nuestra experiencia en el mundo de la preparaci\u00f3n y la competici\u00f3n nos permite ofrecerle un asesoramiento t\u00e9cnico sobre los productos que representamos. Adem\u00e1s de la preparaci\u00f3n de los veh\u00edculos de competici\u00f3n, implementamos [&hellip;]<\/p>\n","protected":false},"author":1,"featured_media":0,"parent":0,"menu_order":0,"comment_status":"closed","ping_status":"closed","template":"","meta":[],"_links":{"self":[{"href":"https:\/\/www.sportcompeticion.com\/index.php\/wp-json\/wp\/v2\/pages\/34"}],"collection":[{"href":"https:\/\/www.sportcompeticion.com\/index.php\/wp-json\/wp\/v2\/pages"}],"about":[{"href":"https:\/\/www.sportcompeticion.com\/index.php\/wp-json\/wp\/v2\/types\/page"}],"author":[{"embeddable":true,"href":"https:\/\/www.sportcompeticion.com\/index.php\/wp-json\/wp\/v2\/users\/1"}],"replies":[{"embeddable":true,"href":"https:\/\/www.sportcompeticion.com\/index.php\/wp-json\/wp\/v2\/comments?post=34"}],"version-history":[{"count":9,"href":"https:\/\/www.sportcompeticion.com\/index.php\/wp-json\/wp\/v2\/pages\/34\/revisions"}],"predecessor-version":[{"id":188,"href":"https:\/\/www.sportcompeticion.com\/index.php\/wp-json\/wp\/v2\/pages\/34\/revisions\/188"}],"wp:attachment":[{"href":"https:\/\/www.sportcompeticion.com\/index.php\/wp-json\/wp\/v2\/media?parent=34"}],"curies":[{"name":"wp","href":"https:\/\/api.w.org\/{rel}","templated":true}]}}